{"id":1730,"date":"2020-07-31T19:43:27","date_gmt":"2020-07-31T17:43:27","guid":{"rendered":"http:\/\/sokolbreznice.cz\/?page_id=1730"},"modified":"2024-07-09T11:03:57","modified_gmt":"2024-07-09T09:03:57","slug":"fotogalerie","status":"publish","type":"page","link":"https:\/\/sokolbreznice.cz\/?page_id=1730","title":{"rendered":"Fotogalerie"},"content":{"rendered":"<p>Ve\u0161ker\u00e9 fotografie z akc\u00ed na sokolovn\u011b naleznete na facebookov\u00e9m profilu &#8222;<a href=\"https:\/\/www.facebook.com\/profile.php?id=61555181829969\">Sokol B\u0159eznice u Zl\u00edna<\/a>&#8222;.<\/p>\n<p><strong>Fotografie z posledn\u00edch akc\u00ed:<\/strong><\/p>\n<p><a href=\"https:\/\/www.facebook.com\/media\/set\/?set=a.122152663400172727&amp;type=3\">V\u0161esokolsk\u00fd slet Praha 2024<\/a><\/p>\n<p><a href=\"https:\/\/www.facebook.com\/media\/set\/?set=a.122148267458172727&amp;type=3\">Rockov\u00fd festiv\u00e1lek piva 2024\u00a0<\/a><\/p>\n","protected":false},"excerpt":{"rendered":"<p>Ve\u0161ker\u00e9 fotografie z akc\u00ed na sokolovn\u011b naleznete na facebookov\u00e9m profilu &#8222;Sokol B\u0159eznice u Zl\u00edna&#8222;. Fotografie z posledn\u00edch akc\u00ed: V\u0161esokolsk\u00fd slet Praha 2024 Rockov\u00fd festiv\u00e1lek piva 2024\u00a0<\/p>\n","protected":false},"author":1,"featured_media":0,"parent":0,"menu_order":0,"comment_status":"closed","ping_status":"closed","template":"","meta":[],"_links":{"self":[{"href":"https:\/\/sokolbreznice.cz\/index.php?rest_route=\/wp\/v2\/pages\/1730"}],"collection":[{"href":"https:\/\/sokolbreznice.cz\/index.php?rest_route=\/wp\/v2\/pages"}],"about":[{"href":"https:\/\/sokolbreznice.cz\/index.php?rest_route=\/wp\/v2\/types\/page"}],"author":[{"embeddable":true,"href":"https:\/\/sokolbreznice.cz\/index.php?rest_route=\/wp\/v2\/users\/1"}],"replies":[{"embeddable":true,"href":"https:\/\/sokolbreznice.cz\/index.php?rest_route=%2Fwp%2Fv2%2Fcomments&post=1730"}],"version-history":[{"count":5,"href":"https:\/\/sokolbreznice.cz\/index.php?rest_route=\/wp\/v2\/pages\/1730\/revisions"}],"predecessor-version":[{"id":2009,"href":"https:\/\/sokolbreznice.cz\/index.php?rest_route=\/wp\/v2\/pages\/1730\/revisions\/2009"}],"wp:attachment":[{"href":"https:\/\/sokolbreznice.cz\/index.php?rest_route=%2Fwp%2Fv2%2Fmedia&parent=1730"}],"curies":[{"name":"wp","href":"https:\/\/api.w.org\/{rel}","templated":true}]}}